What is the greatest common factor of 790005 and 285?
15
Calculate the highest common divisor of 625 and 212875.
125
What is the highest common divisor of 7181 and 43?
43
What is the highest common divisor of 7694116 and 106?
106
Calculate the highest common factor of 476 and 244307.
119
Calculate the highest common factor of 110 and 3005.
5
What is the highest common factor of 194 and 1637651?
97
Calculate the greatest common factor of 510012 and 24552.
1116
What is the highest common factor of 380 and 36632?
76
Calculate the greatest common factor of 39767 and 11799.
437
What is the greatest common factor of 67194 and 4?
2
Calculate the greatest common divisor of 5564 and 472084.
428
What is the greatest common factor of 10 and 231535?
5
Calculate the greatest common divisor of 465 and 435.
15
Calculate the greatest common divisor of 1634096 and 188.
188
Calculate the greatest common factor of 142 and 2502750.
142
Calculate the highest common divisor of 470 and 160693.
47
What is the greatest common divisor of 1729 and 14989?
13
Calculate the greatest common factor of 96 and 146656.
32
Calculate the highest common factor of 30104 and 30952.
424
What is the greatest common factor of 4577 and 20677?
23
What is the highest common divisor of 125 and 97655?
5
What is the highest common factor of 45486 and 98?
14
Calculate the greatest common factor of 184 and 267858.
46
What is the greatest common factor of 42 and 670866?
42
Calculate the greatest common divisor of 567 and 3528.
63
Calculate the highest common factor of 137247 and 165.
33
What is the greatest common divisor of 328887 and 208?
13
Calculate the highest common factor of 4367011 and 51.
17
Calculate the greatest common divisor of 3 and 10513.
1
What is the greatest common factor of 1152 and 71936?
128
Calculate the greatest common divisor of 8 and 2270.
2
What is the greatest common factor of 168 and 768894?
42
Calculate the greatest common factor of 40 and 43150.
10
Calculate the greatest common divisor of 4674 and 62.
2
What is the highest common divisor of 33 and 1392171?
33
What is the highest common factor of 60867 and 63?
9
What is the highest common divisor of 496 and 3317?
31
What is the highest common factor of 24 and 1545420?
12
What is the highest common divisor of 412938 and 18?
18
What is the greatest common divisor of 55 and 34705?
55
What is the highest common factor of 63 and 5090043?
21
Calculate the greatest common divisor of 6925 and 18005.
1385
What is the highest common factor of 15722 and 224?
14
What is the greatest common divisor of 69167 and 4592?
287
What is the greatest common divisor of 7414 and 2948?
22
Calculate the highest common factor of 38472 and 483.
21
What is the greatest common divisor of 100 and 838550?
50
Calculate the greatest common factor of 10507 and 61383.
553
Calculate the greatest common divisor of 228 and 36.
12
Calculate the greatest common divisor of 3473 and 180143.
151
What is the greatest common divisor of 5037 and 15987?
219
What is the greatest common divisor of 722 and 4251136?
722
What is the highest common factor of 390185 and 365?
365
What is the highest common factor of 398 and 16318?
398
Calculate the highest common factor of 347688 and 1320.
264
What is the highest common factor of 3358 and 138?
46
Calculate the highest common factor of 21175 and 176.
11
What is the greatest common factor of 3281 and 4246?
193
Calculate the greatest common factor of 825 and 2178.
33
What is the greatest common divisor of 403231 and 269?
269
What is the greatest common factor of 595 and 272170?
85
What is the greatest common divisor of 4670 and 100?
10
What is the highest common factor of 412 and 15347?
103
What is the highest common factor of 666 and 55833?
111
Calculate the greatest common factor of 58432 and 16192.
704
Calculate the greatest common factor of 494406 and 363.
363
What is the greatest common factor of 183 and 2685?
3
Calculate the greatest common divisor of 94575 and 40.
5
Calculate the highest common divisor of 600 and 825.
75
What is the greatest common divisor of 138 and 501906?
138
What is the greatest common factor of 594 and 5522?
22
Calculate the highest common factor of 3025 and 4925.
25
What is the highest common divisor of 34896 and 528?
48
Calculate the greatest common factor of 1071206 and 202.
202
Calculate the greatest common divisor of 19278 and 26163.
1377
What is the highest common factor of 7428 and 1236?
12
What is the greatest common divisor of 6710 and 220?
110
Calculate the greatest common divisor of 7524 and 2016.
36
Calculate the greatest common divisor of 546 and 3661.
7
What is the greatest common divisor of 1139021 and 533?
533
Calculate the greatest common factor of 58 and 60842.
58
What is the greatest common factor of 1615140 and 9?
9
Calculate the highest common divisor of 1524 and 684.
12
What is the greatest common factor of 153 and 30933?
9
Calculate the highest common factor of 256596 and 18.
6
Calculate the greatest common divisor of 2431664 and 8020.
1604
Calculate the greatest common divisor of 10398 and 24.
6
Calculate the highest common factor of 26413 and 671.
61
Calculate the highest common factor of 40 and 7670.
10
What is the greatest common factor of 112301 and 854?
427
What is the highest common factor of 13294 and 67337?
289
What is the highest common divisor of 1576353 and 261?
87
What is the highest common divisor of 528 and 685608?
264
Calculate the highest common divisor of 21 and 39627.
21
Calculate the highest common factor of 84 and 2815617.
21
What is the highest common divisor of 3380 and 69290?
1690
Calculate the highest common divisor of 634 and 1697852.
634
What is the greatest common factor of 40 and 5835?
5
What is the greatest common factor of 1113 and 37524?
159
What is the greatest common divisor of 825 and 19833?
33
Calculate the greatest common factor of 1691 and 24567.
19
What is the highest common factor of 1819 and 6?
1
What is the greatest common factor of 25 and 3982050?
25
What is the highest common divisor of 7800 and 884?
52
What is the greatest common divisor of 4677 and 5?
1
Calculate the highest common divisor of 11288 and 26062.
166
What is the highest common divisor of 3107 and 533?
13
What is the highest common factor of 50 and 106850?
50
What is the highest common divisor of 411634 and 4?
2
Calculate the highest common factor of 26300 and 100.
100
Calculate the highest common factor of 16670860 and 460.
460
Calculate the highest common divisor of 16 and 11979368.
8
Calculate the greatest common factor of 630160 and 400.
80
Calculate the highest common factor of 125558 and 536.
134
Calculate the highest common factor of 5533 and 44.
11
Calculate the highest common divisor of 12832 and 992.
32
What is the greatest common divisor of 12 and 179756?
4
Calculate the highest common factor of 32940 and 18605.
305
Calculate the greatest common factor of 4143512 and 272.
136
What is the highest common divisor of 186 and 96999?
93
What is the highest common divisor of 2904 and 24288?
264
Calculate the greatest common factor of 12 and 230079.
3
What is the highest common divisor of 407 and 616?
11
Calculate the greatest common divisor of 825626 and 76.
38
What is the highest common factor of 125080 and 120?
40
Calculate the highest common factor of 20 and 457060.
20
What is the highest common divisor of 41034 and 42?
42
What is the greatest common divisor of 5704 and 216522?
46
What is the highest common divisor of 40166 and 1359?
151
Calculate the highest common factor of 1701 and 486.
243
What is the greatest common factor of 44 and 510972?
44
Calculate the highest common divisor of 49 and 688793.
49
Calculate the greatest common factor of 1192 and 102959.
149
Calculate the highest common factor of 75 and 1289100.
75
Calculate the greatest common factor of 12 and 83532.
12
Calculate the greatest common divisor of 7764751 and 61.
61
Calculate the highest common factor of 52 and 99554.
26
What is the highest common divisor of 51 and 4788339?
51
What is the greatest common divisor of 120 and 16485?
15
Calculate the highest common divisor of 4810581 and 746.
373
Calculate the highest common factor of 538835 and 4545.
505
Calculate the highest common fac